9. Suppose -3*f = 3*a - 102, -3*f - a = -0*f - u. Let m = -21 + f. List the prime factors of m.
2, 7
Suppose -g + 6 = 2*g. Let u be 8/4 + 6/g. Suppose 0 = -u*y - 4*h - h + 40, 4*y = 5*h + 41. What are the prime factors of y?
3
Let b(x) = -x**3 + 5*x**2 - 3*x - 1. Let j be b(3). Let u be 0 - (-4 + (3 - 2)). Let p = u + j. What are the prime factors of p?
11
Let z = -30 - 15. List the prime factors of 10/z + 708/27.
2, 13
Suppose -m + 3*o = -29, -m - m - 5*o + 36 = 0. List the prime factors of m.
23
Let g(n) = 10*n - 12. List the prime factors of g(5).
2, 19
Let i = -17 + 26. List the prime factors of 86/6 - 3/i.
2, 7
Let j(l) = -5*l + 0 + 4*l - 2*l - 7. Let v be 4/18 - 47/9. List the prime factors of j(v).
2
Let o be 18/12*44/(-2). Let k = o + 47. List the prime factors of k.
2, 7
Let b(o) = o**2 - 5*o - 19. List the prime factors of b(8).
5
Suppose -2*x - 1 = -2*m + 1, m - 16 = -4*x. List the prime factors of x.
3
Let k = 4 - 2. Suppose k*a - 44 = 4*a. Let f = -11 - a. What are the prime factors of f?
11
List the prime factors of 6/(-10)*(9 + -39).
2, 3
Let h = 18 - 20. List the prime factors of h*(-1 - -2) - -29.
3
Let n = 16 - 8. Suppose 0 = -a - 4*q + q + n, -3*a + 30 = 3*q. What are the prime factors of a?
11
Let c(z) be the first derivative of 5*z**2 - 10/3*z**3 + 1 + 0*z + 1/4*z**4. What are the prime factors of c(9)?
3
Let g = 22 - 13. List the prime factors of g - 1*(0 + -3).
2, 3
Let m(i) = -2*i**3 - 6*i**2 + 8*i + 5. Let s = 3 - 8. Let z be m(s). Suppose -5*f + f - 28 = -4*g, 5*g - z = -f. List the prime factors of g.
2, 3
Let s(h) = -h**2 - 4*h + 5. Let j be s(-5). Suppose -6*v + v + 55 = j. List the prime factors of v.
11
Let q = 2 + -3. List the prime factors of (q/(-2))/((-8)/(-112)).
7
Let i be 30/(-21)*(-1 + -6). Suppose 0 = -5*p + 4*f + 31, -2*p + 6*f = 2*f - i. What are the prime factors of p?
7
Let r = -12 - -12. Suppose -34 = -5*l - 4*o, -4*l - 4*o + 3*o + 25 = r. List the prime factors of l.
2, 3
Let c be (-482)/(-6) + (-1)/3. Suppose -5*y = 3*l - c, 3*l - l + y = 51. Suppose -8*p + l = -3*p. What are the prime factors of p?
5
Let s(o) = 81*o**2 - o + 2. What are the prime factors of s(1)?
2, 41
Suppose -2*i = i + 15. List the prime factors of (-40)/i*9/4.
2, 3
Let i = 8 + -4. Suppose -3*h = -i*p - 6 - 10, -h = 4*p. List the prime factors of 1 - ((0 - p) + -2).
2
Suppose 5*y + 55 = 5*o, 0 = o - 5*y - 0*y - 15. Suppose 0 = n + 2, 0 = -0*u + u + 5*n + o. What are the prime factors of (4 - 1)*(u - -2)?
2, 3
List the prime factors of 54 + (3 + 0)/(6/(-4)).
2, 13
Suppose -48 = -2*w - 2*w. Let h = 18 + w. Suppose h = 2*x - 4*i, 0*i - 75 = -5*x + 3*i. List the prime factors of x.
3, 5
Let q = -5 - -3. What are the prime factors of 20 + q - 3/1?
3, 5
Suppose -3*v - 9 = -3*u, -5*u = -v - v - 21. Let l = 74 - 40. Suppose u*o - 31 - l = 0. List the prime factors of o.
13
Let l(y) = y**2 - y + 11. Suppose 2*p - 4 = n + 2, -5*n + 2*p - 6 = 0. What are the prime factors of l(n)?
11
Let j = -282 + 419. What are the prime factors of j?
137
Let y = 1 - -1. Let z be ((-50)/35)/(2/(-42)). Suppose o = -y*o + z. What are the prime factors of o?
2, 5
Suppose 4*t + 0*t = 12. Let u(r) = 0 + 3*r**3 - t*r**2 + 2*r + 1 - 2*r**3. What are the prime factors of u(3)?
7
Suppose 7 = -3*u + 85. Let y = -3 + u. Suppose -2*s + 3*o + 1 = -y, 0 = -4*o - 8. What are the prime factors of s?
3
Suppose -4*l - 5*j + 45 = 0, -3*l - 4*j + 14 = -2*l. Suppose -k = -2*o + l, 4*o - 3*o = 4*k + 5. Let x = 2 + k. List the prime factors of x.
2
Suppose -t + 160 = -47. List the prime factors of t.
3, 23
Let w(a) = 10*a**3 + a**2 + a - 1. Suppose -2*k + 2 = -0*k. List the prime factors of w(k).
11
Suppose 16 = 3*q + 4*k + k, 0 = 5*q + 4*k - 18. Let x(g) = -11 + g**2 + 9*g - 4 + 0*g**q. List the prime factors of x(-11).
7
Suppose c + 2*c = 2*v + 52, 0 = 5*c + 3*v - 93. What are the prime factors of c?
2, 3
Let f = 118 + 192. Suppose -4*g - g + f = 5*u, -4*g = -2*u + 94. What are the prime factors of u?
3, 19
Let g(h) = -h + 1. Let r(j) = -j**2 + 5. Let w(l) = -l**2 + 4. Let o(v) = 3*r(v) - 4*w(v). Let z(d) = g(d) + o(d). List the prime factors of z(-2).
2, 3
Suppose 20 + 40 = 5*p. Let w = p - 6. List the prime factors of w.
2, 3
Suppose 2 + 7 = 3*t. Suppose -4*v + t = -9. List the prime factors of v.
3
Suppose 121 = 2*r - 387. List the prime factors of r.
2, 127
Suppose 0 = -h + 4 + 10. Suppose 3*v = -5 + h. What are the prime factors of v?
3
Let a(k) = -9*k + 3*k**2 - k**2 - 4*k**2 + 1 + 11*k. Let c be a(-1). List the prime factors of 2 + -3 - -10 - c.
2, 3
Let y = -30 + 96. Suppose 3*o = -d + y, 3*o - 7*d - 66 = -2*d. What are the prime factors of o?
2, 11
Let o(l) = 5*l - 2. What are the prime factors of o(10)?
2, 3
Let s = 6 + -6. Suppose 0 = -4*m + 18 - 2, t + 2*m - 24 = s. What are the prime factors of t?
2
Let a(q) be the third derivative of q**5/60 - q**4/12 + 7*q**3/6 - q**2. What are the prime factors of a(4)?
3, 5
Let c(d) = 16*d**3 - d**2. Let i be c(1). Let y = 52 - i. What are the prime factors of y?
37
Suppose 0 = s + 3*s + 92. Let x = 2 - s. List the prime factors of x.
5
Suppose -5*j = 5, -j - 230 - 231 = -4*u. List the prime factors of u.
5, 23
Let n be (76/(-5))/(4/(-10)). Suppose n = x + x. What are the prime factors of x?
19
Let c(y) = 2*y**2 - 5*y - 2. Let a(i) = -i**3 - 5*i**2 - 6*i - 4. Let b be 2/6 - (-13)/(-3). Let o be a(b). List the prime factors of c(o).
2, 5
Let w(l) = -l**2 + 4*l + 2. Let s be w(4). Suppose i - 21 = -0*m + s*m, -3*i + 71 = -4*m. Suppose i + 40 = 3*p. List the prime factors of p.
23
Let x(w) = -w**2 + 21*w - 23. List the prime factors of x(17).
3, 5
Suppose -4*g + 0*z - z = -190, g - 2*z - 52 = 0. What are the prime factors of g?
2, 3
Suppose 162 + 593 = 5*q. List the prime factors of q.
151
Let o = 10 - 7. What are the prime factors of 1/(3/57) + o?
2, 11
Suppose -3*j + 4 + 83 = 0. List the prime factors of j.
29
Suppose 6*w + 16 = 2*w. Let b = w + 7. Suppose -3*p - b*u = 2*u - 29, -u = -4. List the prime factors of p.
3
Let p(s) = s**3 - s + 5. Let w be p(0). Suppose 0 = -w*d + 4*d + 7. List the prime factors of d.
7
Suppose -4*i = -5*y + 102, 23 = 5*y - i - 85. List the prime factors of y.
2, 11
Let m = 2 - -2. What are the prime factors of (-1 + m)*12/3?
2, 3
Let m = 22 + -10. Let i(q) = -m*q + 20 - 20. What are the prime factors of i(-1)?
2, 3
Suppose -k - 2*k + 3*o + 39 = 0, 2*k - 22 = 3*o. Let p = 22 - k. What are the prime factors of p?
5
Let h(u) = -11*u**3 + 4*u**2 + 15*u + 3. Let s = 18 + -9. Let p(n) = -5*n**3 + 2*n**2 + 7*n + 1. Let v(a) = s*p(a) - 4*h(a). What are the prime factors of v(2)?
3
Let l = 5 - 21. Let q = l + 24. What are the prime factors of q?
2
Suppose -3*c + 35 = 5*v, 5*c - 17 = 6*v - 4*v. Suppose -v*x = 9 - 25. What are the prime factors of (-4)/x + (6 - 0)?
5
Suppose 0 = -q + 67 + 31. Suppose -20 = 3*f - q. Suppose -h + f = c + 2*c, 12 = c - 3*h. List the prime factors of c.
3
Let y = 49 - 24. What are the prime factors of y?
5
Let z(q) = 2*q**2 + 15*q. Let v = -9 - 1. List the prime factors of z(v).
2, 5
Let g = 30 - 19. Let c = g + -8. What are the prime factors of (-2)/c*45/(-6)?
5
Suppose -13 = -s + 3*x - 4*x, 2*x = 4*s - 70. Suppose -s = -4*q - 4*b + 12, -41 = -3*q + b. What are the prime factors of q?
2, 3
Suppose -2*u = -6, 8*k - 4*k + 2*u - 102 = 0. List the prime factors of k.
2, 3
Suppose 2*m - 5*t - 57 - 43 = 0, -3*m - t = -116. What are the prime factors of m?
2, 5
Let u(f) = -f**2 - f + 6. Suppose -9*x = -5*x + 20. Let v be u(x). What are the prime factors of (v/(-4))/(3/12)?
2, 7
Let h be (-352)/(-4) + -3 + 4. Suppose 2*t + 39 = h. What are the prime factors of t?
5
Let p(n) = n**3 + 8*n**2 - 7*n - 32. What are the prime factors of p(-7)?
2, 3, 11
Suppose 5*n - 38 = 5*k + 17, 0 = -n + 4*k + 8. Suppose -5*t - 3*p = -0*t - 12, -4*t - 3*p + n = 0. What are the prime factors of 2 + 8 - (t - -1)?
3
Suppose -2*n + 21 = -69. Suppose -4*c - 13 + n = 0. List the prime factors of c.
2
Let t(o) = -5*o**3 - 8*o**2 + 7*o + 14. Let l(v) = -6*v**3 - 7*v**2 + 8*v + 14. Let k(y) = -6*l(y) + 7*t(y). List the prime factors of k(14).
2, 7
Suppose -24 = -2*n - 0*n. Suppose -v + n = 2*v. Suppose -2*a - 16 = -z + 2*a, 28 = v*z + 2*a. List the prime factors of z.
2
Suppose -4*l + 26 = -3*m, -5*m + l + 2*